{"id":330,"date":"2021-12-09T19:53:26","date_gmt":"2021-12-09T19:53:26","guid":{"rendered":"https:\/\/obelisk.themescamp.com\/demo5\/?page_id=330"},"modified":"2025-06-21T11:23:20","modified_gmt":"2025-06-21T08:23:20","slug":"kurumsal","status":"publish","type":"page","link":"https:\/\/ekinexpo.com\/index.php\/kurumsal\/","title":{"rendered":"Hakk\u0131m\u0131zda"},"content":{"rendered":"\t\t<div data-elementor-type=\"wp-page\" data-elementor-id=\"330\" class=\"elementor elementor-330\">\n\t\t\t\t\t\t<section class=\"elementor-section elementor-top-section elementor-element elementor-element-ecd83ce obelisk-section-mode1 elementor-section-boxed elementor-section-height-default elementor-section-height-default\" data-id=\"ecd83ce\" data-element_type=\"section\" data-settings=\"{&quot;background_background&quot;:&quot;classic&quot;}\">\n\t\t\t\t\t\t\t<div class=\"elementor-background-overlay\"><\/div>\n\t\t\t\t\t\t\t<div class=\"elementor-container elementor-column-gap-default\">\n\t\t\t\t\t<div class=\"elementor-column elementor-col-100 elementor-top-column elementor-element elementor-element-c56fa60\" data-id=\"c56fa60\" data-element_type=\"column\">\n\t\t\t<div class=\"elementor-widget-wrap elementor-element-populated\">\n\t\t\t\t\t\t<section class=\"elementor-section elementor-inner-section elementor-element elementor-element-ce38bb0 elementor-section-boxed elementor-section-height-default elementor-section-height-default\" data-id=\"ce38bb0\" data-element_type=\"section\">\n\t\t\t\t\t\t<div class=\"elementor-container elementor-column-gap-default\">\n\t\t\t\t\t<div class=\"elementor-column elementor-col-50 elementor-inner-column elementor-element elementor-element-54796ab\" data-id=\"54796ab\" data-element_type=\"column\">\n\t\t\t<div class=\"elementor-widget-wrap elementor-element-populated\">\n\t\t\t\t\t\t<div class=\"elementor-element elementor-element-0c3a16c elementor-align-left elementor-invisible elementor-widget elementor-widget-obelisk-title\" data-id=\"0c3a16c\" data-element_type=\"widget\" data-settings=\"{&quot;_animation&quot;:&quot;fadeInUp&quot;}\" data-widget_type=\"obelisk-title.default\">\n\t\t\t\t<div class=\"elementor-widget-container\">\n\t\t\t\t\t\r\n\r\n<div class=\"obelisk-title style-2\">\r\n\t<h2 class=\" animate custom-font\" data-splitting>ekin expo <b><\/b><\/h2>\r\n<\/div>\t\t\t\t<\/div>\n\t\t\t\t<\/div>\n\t\t\t\t<div class=\"elementor-element elementor-element-63ad1aa elementor-widget__width-auto elementor-widget-mobile__width-auto elementor-widget elementor-widget-obelisk-heading\" data-id=\"63ad1aa\" data-element_type=\"widget\" data-widget_type=\"obelisk-heading.default\">\n\t\t\t\t<div class=\"elementor-widget-container\">\n\t\t\t\t\t\r\n<h2 class='obelisk-heading style-1 ' >\r\n        hakk\u0131m\u0131zda    <\/h2>\r\n\t\t\t\t<\/div>\n\t\t\t\t<\/div>\n\t\t\t\t<div class=\"elementor-element elementor-element-99c9abe elementor-widget__width-auto elementor-align-left elementor-invisible elementor-widget elementor-widget-obelisk-title\" data-id=\"99c9abe\" data-element_type=\"widget\" data-settings=\"{&quot;_animation&quot;:&quot;fadeInUp&quot;}\" data-widget_type=\"obelisk-title.default\">\n\t\t\t\t<div class=\"elementor-widget-container\">\n\t\t\t\t\t\r\n\r\n<div class=\"obelisk-title style-2\">\r\n\t<h2 class=\" animate custom-font\" data-splitting>. <b><\/b><\/h2>\r\n<\/div>\t\t\t\t<\/div>\n\t\t\t\t<\/div>\n\t\t\t\t\t<\/div>\n\t\t<\/div>\n\t\t\t\t<div class=\"elementor-column elementor-col-50 elementor-inner-column elementor-element elementor-element-2d25f3a\" data-id=\"2d25f3a\" data-element_type=\"column\">\n\t\t\t<div class=\"elementor-widget-wrap\">\n\t\t\t\t\t\t\t<\/div>\n\t\t<\/div>\n\t\t\t\t\t<\/div>\n\t\t<\/section>\n\t\t\t\t\t<\/div>\n\t\t<\/div>\n\t\t\t\t\t<\/div>\n\t\t<\/section>\n\t\t\t\t<section class=\"elementor-section elementor-top-section elementor-element elementor-element-52fa86a elementor-section-full_width elementor-section-height-default elementor-section-height-default\" data-id=\"52fa86a\" data-element_type=\"section\">\n\t\t\t\t\t\t<div class=\"elementor-container elementor-column-gap-no\">\n\t\t\t\t\t<div class=\"elementor-column elementor-col-100 elementor-top-column elementor-element elementor-element-882334c\" data-id=\"882334c\" data-element_type=\"column\">\n\t\t\t<div class=\"elementor-widget-wrap elementor-element-populated\">\n\t\t\t\t\t\t<div class=\"elementor-element elementor-element-772d1e0 elementor-widget elementor-widget-text-editor\" data-id=\"772d1e0\" data-element_type=\"widget\" data-widget_type=\"text-editor.default\">\n\t\t\t\t<div class=\"elementor-widget-container\">\n\t\t\t\t\t\t\t\t\t<section id=\"hakkimizda\" class=\"about-section\">\n  <div class=\"container\">\n    <h2>Ekinexpo Fuar ve Stand Hizmetleri<\/h2>\n    <h3>2007&#8217;den Bug\u00fcne Kalite ve G\u00fcvenin Ad\u0131<\/h3>\n\n    <p><strong>Ekinexpo<\/strong>, 2007 y\u0131l\u0131ndan bu yana fuar stand tasar\u0131m\u0131 ve uygulamas\u0131 alan\u0131nda kaliteli ve zaman\u0131nda teslim anlay\u0131\u015f\u0131n\u0131 ilke edinmi\u015f, sekt\u00f6r\u00fcn \u00f6nc\u00fc firmalar\u0131ndan biridir.<\/p>\n\n    <p>T\u00fcrkiye\u2019de fuarc\u0131l\u0131k sekt\u00f6r\u00fcn\u00fcn h\u0131zla geli\u015fmesiyle birlikte, fuar stand tasar\u0131m\u0131 da ayn\u0131 oranda kendini yenileyerek \u00f6nem kazanm\u0131\u015ft\u0131r. Firmalar\u0131n kat\u0131ld\u0131klar\u0131 fuarlarda kendilerini en iyi \u015fekilde temsil etmelerinin anahtar\u0131; etkileyici, kurumsal kimli\u011fini yans\u0131tan ve dikkat \u00e7eken bir stand ile sahneye \u00e7\u0131kmakt\u0131r.<\/p>\n\n    <h3>Her Detayda Estetik ve Fonksiyonellik<\/h3>\n\n    <p>\u0130\u015fte bu noktada <strong>Ekinexpo<\/strong> devreye giriyor. Kat\u0131l\u0131mc\u0131 firmalara \u00f6zel \u00e7\u00f6z\u00fcmler sunan mimar kadromuz, markan\u0131z\u0131 en iyi temsil edecek tasar\u0131m\u0131 olu\u015fturmak i\u00e7in firman\u0131zla ilgili en k\u00fc\u00e7\u00fck ayr\u0131nt\u0131ya kadar analiz yapar. \u201c<em>Ba\u015far\u0131 detaylarda gizlidir<\/em>\u201d anlay\u0131\u015f\u0131yla yola \u00e7\u0131kan ekibimiz, projeleri \u00f6zenle planlayarak fuar alan\u0131na birebir uygulanabilir \u015fekilde hayata ge\u00e7irir.<\/p>\n\n    <h3>H\u0131zl\u0131 Kurulum \u2013 Y\u00fcksek Kalite<\/h3>\n\n    <p>Kurulum s\u00fcrelerinin k\u0131sa oldu\u011funun bilincinde olan firmam\u0131z, stand projelerini g\u00fcnler \u00f6ncesinden kendi at\u00f6lyemizde haz\u0131rlar ve fuar alan\u0131nda sadece montaj i\u015flemi ger\u00e7ekle\u015ftirilir. M\u00fc\u015fterilerimiz dilerse, \u00fcretim s\u00fcrecini do\u011frudan at\u00f6lyemizde takip edebilir.<\/p>\n\n    <p>Fuar alan\u0131na yak\u0131nl\u0131\u011f\u0131m\u0131z sayesinde olas\u0131 aksakl\u0131klarda <strong>15 dakika i\u00e7inde m\u00fcdahale<\/strong> sa\u011flayabiliyoruz. B\u00f6ylece etkinli\u011finiz boyunca kesintisiz destek sa\u011flan\u0131r.<\/p>\n\n    <h3>\u00dcretimde Esneklik ve \u00c7e\u015fitlilik<\/h3>\n\n    <p>Firmam\u0131z b\u00fcnyesinde:<\/p>\n    <ul>\n      <li>\u00d6zel Ah\u015fap Stand<\/li>\n      <li>\u00d6zel Mod\u00fcler Stand<\/li>\n      <li>\u00d6zel Maxima Stand<\/li>\n    <\/ul>\n    <p>tasar\u0131mlar\u0131 haz\u0131rlanmakta ve uygulamaya ge\u00e7irilmektedir. Beylikd\u00fcz\u00fc\u2019nde yer alan <strong>1000 m\u00b2 kapal\u0131 alan<\/strong> \u00fczerine kurulu at\u00f6lye ve y\u00f6netim ofisimizde faaliyet g\u00f6stermekteyiz.<\/p>\n\n    <h3>Yurt \u0130\u00e7i ve Yurt D\u0131\u015f\u0131 Hizmet A\u011f\u0131<\/h3>\n\n    <p>Yurt i\u00e7i ve yurt d\u0131\u015f\u0131ndaki fuarlarda, farkl\u0131 sekt\u00f6rlerden orta ve b\u00fcy\u00fck \u00f6l\u00e7ekli bir\u00e7ok firmaya \u00f6zel stand hizmeti sunuyoruz. Gerek kurumsal kimli\u011fe \u00f6zel tasar\u0131mlar gerekse estetik detaylarla fark yarat\u0131yoruz.<\/p>\n\n    <h3>Dijital Bask\u0131 ve G\u00f6rsel \u00dcretim Bizden Sorulur<\/h3>\n\n    <p>T\u00fcm g\u00f6rsel bask\u0131lar, folyo kesimler ve dijital materyaller firmam\u0131za ait dijital bask\u0131 at\u00f6lyemizde haz\u0131rlan\u0131r. Fuarlar\u0131n kurulum s\u00fcresi k\u0131sa oldu\u011fundan, bask\u0131 s\u00fcre\u00e7lerinde ya\u015fanabilecek herhangi bir soruna <strong>an\u0131nda \u00e7\u00f6z\u00fcm<\/strong> \u00fcretme kapasitemiz mevcuttur.<\/p>\n\n    <h3>\u00c7\u00f6z\u00fcm Odakl\u0131 Yakla\u015f\u0131m<\/h3>\n    <p><strong>Ekinexpo<\/strong>, h\u0131zl\u0131, kaliteli ve estetik \u00e7\u00f6z\u00fcmleriyle firmalar\u0131n fuar kat\u0131l\u0131mlar\u0131nda g\u00fcvenilir i\u015f orta\u011f\u0131 olmaya devam etmektedir.<\/p>\n  <\/div>\n<\/section>\t\t\t\t\t\t\t\t<\/div>\n\t\t\t\t<\/div>\n\t\t\t\t\t<\/div>\n\t\t<\/div>\n\t\t\t\t\t<\/div>\n\t\t<\/section>\n\t\t\t\t<\/div>\n\t\t","protected":false},"excerpt":{"rendered":"<p>ekin expo hakk\u0131m\u0131zda . Ekinexpo Fuar ve Stand Hizmetleri 2007&#8217;den Bug\u00fcne Kalite ve G\u00fcvenin Ad\u0131 Ekinexpo, 2007 y\u0131l\u0131ndan bu yana fuar stand tasar\u0131m\u0131 ve uygulamas\u0131 alan\u0131nda kaliteli ve zaman\u0131nda teslim anlay\u0131\u015f\u0131n\u0131 ilke edinmi\u015f, sekt\u00f6r\u00fcn \u00f6nc\u00fc firmalar\u0131ndan biridir. T\u00fcrkiye\u2019de fuarc\u0131l\u0131k sekt\u00f6r\u00fcn\u00fcn h\u0131zla geli\u015fmesiyle birlikte, fuar stand tasar\u0131m\u0131 da ayn\u0131 oranda kendini yenileyerek \u00f6nem kazanm\u0131\u015ft\u0131r. Firmalar\u0131n kat\u0131ld\u0131klar\u0131 fuarlarda kendilerini en iyi \u015fekilde &hellip;<\/p>\n","protected":false},"author":1,"featured_media":0,"parent":0,"menu_order":0,"comment_status":"closed","ping_status":"closed","template":"blank-builder.php","meta":{"_monsterinsights_skip_tracking":false,"_monsterinsights_sitenote_active":false,"_monsterinsights_sitenote_note":"","_monsterinsights_sitenote_category":0,"footnotes":""},"class_list":["post-330","page","type-page","status-publish","hentry"],"aioseo_notices":[],"_links":{"self":[{"href":"https:\/\/ekinexpo.com\/index.php\/wp-json\/wp\/v2\/pages\/330","targetHints":{"allow":["GET"]}}],"collection":[{"href":"https:\/\/ekinexpo.com\/index.php\/wp-json\/wp\/v2\/pages"}],"about":[{"href":"https:\/\/ekinexpo.com\/index.php\/wp-json\/wp\/v2\/types\/page"}],"author":[{"embeddable":true,"href":"https:\/\/ekinexpo.com\/index.php\/wp-json\/wp\/v2\/users\/1"}],"replies":[{"embeddable":true,"href":"https:\/\/ekinexpo.com\/index.php\/wp-json\/wp\/v2\/comments?post=330"}],"version-history":[{"count":22,"href":"https:\/\/ekinexpo.com\/index.php\/wp-json\/wp\/v2\/pages\/330\/revisions"}],"predecessor-version":[{"id":549,"href":"https:\/\/ekinexpo.com\/index.php\/wp-json\/wp\/v2\/pages\/330\/revisions\/549"}],"wp:attachment":[{"href":"https:\/\/ekinexpo.com\/index.php\/wp-json\/wp\/v2\/media?parent=330"}],"curies":[{"name":"wp","href":"https:\/\/api.w.org\/{rel}","templated":true}]}}